What is t(q)?
4
Let c(s) = s**3 - 19*s**2 + 18*s + 4. Let y(g) = -g**2 + 32*g + 51. Let u be y(33). What is c(u)?
4
Let m be -4 - -1 - (-4)/1. Let i(g) = 3*g**2 - g. Let r be i(m). Suppose w = r*w + 3. Let u(x) = -x**3 - 2*x**2 + 4*x. Give u(w).
-3
Let t(n) = n**2 + n - 13. Let j = -437 + 437. Give t(j).
-13
Suppose 4*a - 4*m - 29 = 3, 24 = 5*a - m. Suppose -23 + 7 = -4*n. Let k(u) = n*u - u - u - 2. Calculate k(a).
6
Let a(u) be the third derivative of -u**6/120 - u**5/10 + 7*u**4/24 - u**3/3 - u**2. Let x be -11 + (68 + -66)*(0 + 2 - 0). Give a(x).
-2
Let f(d) be the second derivative of -d**5/20 + 5*d**3/6 - 3*d**2/2 - 7*d + 16. Determine f(3).
-15
Let b(y) be the third derivative of -y**9/60480 - y**8/5040 - y**7/1680 - y**6/240 - y**5/15 + 8*y**2. Let q(p) be the third derivative of b(p). What is q(-4)?
9
Let d(t) be the third derivative of t**5/60 - 7*t**4/24 - 7*t**3/6 - 54*t**2. Determine d(8).
1
Suppose 9*o = 12*o - 306. Suppose 0 = a + 5*a - o. Let m(d) = -2 + d**3 + a*d - 6*d**2 - 10*d - 2*d**3. Determine m(-7).
-2
Let v = -38 + 41. Suppose 0 = -5*m - 3*i + 13, -2*i - v = m - 0*m. Let b(c) = -c**3 + 6*c**2 - 5*c + 1. What is b(m)?
1
Let n = 390 + -384. Let h(f) = f**2 - 38. Calculate h(n).
-2
Let q(u) = u**2 - 8*u + 10. Let j(d) = d**2 - 7*d + 6. Let w be j(0). Determine q(w).
-2
Let h(d) = d**2 - 12. Let l be h(0). Let g(f) = -f - 8. Let m be g(l). Let k(r) = -r + 6*r - r - r**2 + 2. Calculate k(m).
2
Let r(j) = 132*j - 5. Let d(m) = -151*m + 5. Let z(n) = 7*d(n) + 8*r(n). Suppose 2*v - 3*v = 0. Determine z(v).
-5
Let n(k) be the second derivative of k**5/120 - 3*k**4/4 + 7*k**3/3 + 3*k. Let d(f) be the second derivative of n(f). Calculate d(0).
-18
Let k(j) be the second derivative of 6*j + 7/6*j**3 - 1/180*j**6 - 1/12*j**4 + 0 - 1/30*j**5 + 0*j**2. Let c(p) be the second derivative of k(p). Give c(-2).
-2
Suppose w = -5*c + 15, 7*c - 12 = 3*w + 3*c. Let k(g) be the second derivative of w + 3*g - 1/12*g**4 - 5/6*g**3 + 0*g**2. Calculate k(-6).
-6
Suppose 3*n - 4 = -13. Let d(q) be the first derivative of q**4/4 + q**3 + 3*q**2/2 - 3*q + 365. What is d(n)?
-12
Let p(j) = -j**3 + 8*j**2 - 6*j - 8. Let n be 7/140*5 - (-27)/4. Determine p(n).
-1
Let j = 0 + 0. Let s(m) = m**3 + 9*m**2 - 8*m + 22. Let k be s(-10). Let f(g) = 8*g + 7*g - k + g**3 + g**2 - 16*g. Determine f(j).
-2
Let a(y) = y**2 - y + 1. Let c = -77 + 74. Let l be 17/51 + (-2)/c. Determine a(l).
1
Let l(j) = j**3 - 5*j**2 - 5*j - 1. Suppose -2*y - 18 = -o, -3*o + y = -3*y - 52. Suppose -3*a + o + 2 = 0. Suppose -h + a = -0*h. Calculate l(h).
5
Let y(j) = -j**3 + 8*j**2 + 9*j + 2. Let p be 39/52*(-48 - 0). Let l = 45 + p. What is y(l)?
2
Let t(i) = -3*i**3 - 6*i**2 + 11*i + 13. Let q(n) = -2*n**3 - 2*n**2 + 5*n + 6. Let l(v) = -5*q(v) + 3*t(v). What is l(7)?
16
Let y be (11/1 - 1)*14/7. Suppose -3*x + m + 3*m = y, 2*m - 12 = 2*x. Let t(h) = h**3 + 3*h**2 - 3*h - 3. Determine t(x).
-7
Let w(b) be the second derivative of b**4/12 - b**3/2 - b**2 - 31*b. Determine w(2).
-4
Suppose 27*f = -64*f - 792 + 246. Let v(s) = 3*s**2 + 15*s + 2. Let c(t) = t**2 + 5*t + 1. Let y(l) = -7*c(l) + 2*v(l). Determine y(f).
-9
Let m(r) = -r**3 + 2*r**2 - 2. Suppose -79*w + 78*w + 3 = 0. Give m(w).
-11
Let j = -8 + 2. Let s = -4 - j. Let d(a) = 6*a + 4. Let r(u) = u + 1. Let v(p) = -d(p) + 5*r(p). Give v(s).
-1
Let f(m) = m**3 + 9*m**2 - 2*m - 2. Suppose -7 = -2*j + 1. Let o(b) = -2*b**3 - 19*b**2 + 3*b + 5. Let w(q) = j*o(q) + 9*f(q). Give w(-6).
2
Let p(b) = -16*b**3 + 8*b**2 - 6 + 17*b**3 - 26*b + 16*b. Calculate p(-9).
3
Let j(v) = v - 1. Suppose -2*d = d - 9. Suppose -d*g + 21 + 3 = 0. Calculate j(g).
7
Let s(r) be the second derivative of -2*r**3/3 - r**2 - 2*r + 17. Calculate s(2).
-10
Let m be (-6)/12*(0 - 2). Suppose 2*y - 3*o = -m, -2*y = o - 0*o + 5. Let h(p) = -2*p**2. Calculate h(y).
-8
Let x be 3/5 + 210/25. Let t(y) = y + 1. Give t(x).
10
Suppose -j = -3*a - 11, 0 = -4*j + j - 2*a. Let c(o) = 33*o - 4*o**j - 36*o + 3*o**2 - 2. What is c(-4)?
-6
Let h(r) = -r**2 - 10*r + 1. Suppose 30 = -q - 4*q. Let i(w) = w**2 + 11*w - 1. Let n(v) = q*h(v) - 5*i(v). Determine n(-6).
5
Let s(n) = -n**2 - 2*n + 4. Let h be s(-4). Let f(x) = -2*x + 0 + 0 - 5. Determine f(h).
3
Let m = 292 + -297. Let v(d) = 2*d**2 + 5*d - 5. Determine v(m).
20
Let o(g) = -g - 12. Let b(x) = -2*x + 23. Let a be b(11). Let i be -1 + -9*(a/(-1))/(-1). Determine o(i).
-2
Let a(q) = 2*q**3 - 34*q**2 + 9*q - 5. Let r(l) = l**3 - 20*l**2 + 5*l - 2. Let t(m) = 4*a(m) - 7*r(m). Give t(-3).
0
Let b(r) = r**3 + r**2. Let p(k) = -7*k**3 - 2*k**2 + k - 2. Let s(x) = 6*b(x) + p(x). Suppose 12*n = 15*n + 3*w - 15, -3*n - 4*w + 16 = 0. Determine s(n).
2
Let s(b) = -110*b + 772. Let m be s(7). Let w(x) = 3*x**3 + x**2 - x - 1. What is w(m)?
25
Suppose -3*c - 9 = 0, -17 = -w + 2*c + 3*c. Let i(y) = 2 - 35*y**2 - 2*y + 34*y**w + 7*y. Let m = 6 + -2. Calculate i(m).
6
Let j = -210 - -212. Let y(h) = h**2 + 1. Calculate y(j).
5
Let z(p) = p + 769570 - 4*p - 769571. Let b = 1 + 0. Let o = 0 + b. Calculate z(o).
-4
Let f(i) = i - 3*i - 3 + i. Let p(u) = -2*u - 6. Let r(g) = 7*f(g) - 3*p(g). Calculate r(3).
-6
Let s be (-350)/(-12) + 6/(-36). Let i(k) = 7*k - 11 - s*k + 11*k + 10*k. Give i(0).
-11
Suppose 2 = 5*z + 7. Let g(q) = 1. Let o(a) = a**2 + 8*a + 3. Let c(n) = z*g(n) - o(n). Give c(-7).
3
Let x = 607 - 602. Let q(f) = f**3 - 4*f**2 - 3*f. Calculate q(x).
10
Let u(i) be the second derivative of -i**4/12 + i**3/2 + 5*i**2/2 - 77*i. Let t = -7 - -11. Give u(t).
1
Let u(q) = 786*q + 1 + 2*q**2 - 15 - 802*q. What is u(8)?
-14
Let h(z) = z**2 + 5*z + 6. Let t be h(-5). Let u be 8/t - (-2)/(-6). Let j be 4/3 + u/(-3). Let k(c) = 8*c**2 + c - 1. What is k(j)?
8
Let i be 90/36*(-16)/10. Let o(r) = -5*r - 8. What is o(i)?
12
Let y(z) be the third derivative of -z**6/120 + z**5/10 - z**4/8 + 19*z**2. Suppose 3*l + 0*f = 3*f + 18, -4*l - 3*f + 17 = 0. Determine y(l).
10
Let k(o) be the third derivative of 0*o + 5/24*o**4 - 1/15*o**5 - 1/120*o**6 - 15*o**2 - 1/2*o**3 + 0. What is k(-5)?
-3
Let r(q) = -q - 1. Suppose -16*l + 17*l = 3. Suppose 0*g + 2*w = -l*g + 4, 2*w + 12 = 5*g. Suppose -c + g*v = 3*c + 16, 0 = 5*c - 4*v + 14. What is r(c)?
5
Suppose 0 = -6*u - 1 - 71. Let d be 2/(-3) + (-44)/u. Let v(i) = i**2 - 6*i + 2. Determine v(d).
-7
Let n = 2182/3 - 726. Let q(j) be the second derivative of 9*j + n*j**3 + 7/2*j**2 + 1/12*j**4 + 0. Determine q(-6).
-5
Let d(h) = -7*h**3 + 5*h**2 - h - 2. Let a(c) = -c + 3. Let l be a(-4). Let f(u) = 11*u**3 - 7*u**2 + u + 3. Let s(k) = l*d(k) + 5*f(k). Determine s(1).
5
Let a be (-1 + 1)/(3 + -2). Suppose 3*p - 6 = 2*p. Suppose a = d - p*d - 5. Let s(y) = 4*y + 1. Determine s(d).
-3
Let f(y) = 5*y + 1. Let o(r) = -4*r - 1. Let x(l) = -5*f(l) - 6*o(l). Let j = -8 + 17. Suppose -4*q = -2*d - 22, -2*d - 3*q = -d - j. Determine x(d).
4
Let v(u) = -u**2 + 7*u + 3. Let l be v(5). Suppose 4*q - l = 3*q. Suppose -3*m + 7 = q. Let r(a) = 4*a + 3. Give r(m).
-5
Let g(a) = a**2 - 8*a + 7. Suppose -2*v - 3*t = -t - 8, -19 = -4*v - 3*t. Suppose 3*n - 3 = 3*r, -27 + v = -5*r. What is g(n)?
-8
Let w(k) = k**3 - 13*k + 9 - k**2 + 13*k. Let r be (-7 + 4 - -2) + 21. Suppose -d + 4 = -5*i + i, 5*d - r = -5*i. Calculate w(i).
9
Let k(x) = x**2 + 7*x - 1. Suppose -h = -3*q + 2*q + 11, 3*q = -4*h - 16. Calculate k(h).
-1
Let t(s) = s**2 + 2*s - 22. Let b be t(-6). Let m(a) = 1306*a**b - 1308*a**2 + a**3 + 1 - 2. Give m(2).
-1
Let m(h) = h**3 + 3*h**2 + 3*h + 2. Let i be (0/(-2))/(1 - 2). Let f be -8 - -5 - (-10)/10. Let a = f + i. Give m(a).
0
Let x(o) = o**3 - 5*o**2 + 4*o - 2. Suppose 4*t - 2*a = 6, 13*t - 14*t = a - 9. Determine x(t).
-2
Let y = 35 - 20. Let d = y + -12. Let g(u) = -d - 2*u - 2 + 4 - 1. What is g(3)?
-8
Suppose -34 = 15*h + 19*h. Let f(b) = 1 + 7*b - b + b. Determine f(h).
-6
Let k be 49/14 + (-6)/4. Suppose k*f = 3*t - 1, 0 = -2*t + 4*t + 2*f - 4. Let y(p) = -7*p - 1. Determine y(t).
-8
Let r(n) = 64*n - 46*n**2 - 65*n + 31*n**2. Calculate r(-1).
-14
Let m(w) = 2*w**3 + 7*w**2 - 5*w. Let j be m(-4). Let a(s) = 0 + 13*s**2 - 13*s + s**3 - 8 - j*s**2 + 20*s. Give a(-8).
0
Suppose 5*b - 3*o = 0, 3*b = 5*o - 4*o. Let j(q) = -15*q**2 + 7*q - 1. Let t(f) = -13*f**2 + 6*f. Let y(h) = 6*j(h) - 7*t(h). Wh